7, what is -1236233 - -5?
-1236225
In base 8, what is -14321 + 63?
-14236
In base 2, what is -1110001011010 - 0?
-1110001011010
In base 10, what is -7 + -8063?
-8070
In base 14, what is 91 - c8?
-37
In base 10, what is 5 + -2914?
-2909
In base 14, what is -5 - -4c4c6?
4c4c1
In base 4, what is -33110 - -203?
-32301
In base 12, what is 23674 - -12?
23686
In base 5, what is -414 - -1440?
1021
In base 9, what is 8 + 5182?
5201
In base 16, what is -6be6 + e5?
-6b01
In base 13, what is -3b24 - 166?
-3c8a
In base 16, what is -1150 + -b?
-115b
In base 4, what is 13201023 - -3?
13201032
In base 3, what is -2021 - 1111?
-10202
In base 7, what is -125613 + -143?
-126056
In base 3, what is -221122111 + 1000?
-221121111
In base 5, what is -10333 + -12?
-10400
In base 14, what is 36972 - -6?
36978
In base 5, what is -412 + -40?
-1002
In base 4, what is -201220120 + -1?
-201220121
In base 9, what is 266 - -215?
482
In base 5, what is -104 - -1414232?
1414123
In base 4, what is -233 - -1333122?
1332223
In base 13, what is 6799 - 9?
6790
In base 7, what is 21114 + -2?
21112
In base 5, what is 204120 + 22?
204142
In base 10, what is -703 - 2837?
-3540
In base 16, what is 10 - -8a00?
8a10
In base 4, what is 101021 + -23?
100332
In base 5, what is -100 - -23014?
22414
In base 2, what is 111100 + -110001?
1011
In base 13, what is 7 - 69b4?
-69aa
In base 7, what is 32 + -116566?
-116534
In base 15, what is aa9d4 - 2?
aa9d2
In base 3, what is 12 - -1121210111001?
1121210111020
In base 13, what is -131 + 1821?
16c0
In base 10, what is -5 - 307?
-312
In base 6, what is -5515345 - -1?
-5515344
In base 8, what is 206 - 61?
125
In base 2, what is -1001011110001 + -10100110?
-1001110010111
In base 10, what is 1 - -11880?
11881
In base 6, what is 221 + -1542?
-1321
In base 7, what is 5354 + 114?
5501
In base 5, what is 1203014 + -123?
1202341
In base 5, what is -101201 - -333?
-100313
In base 14, what is 1bdac - 1?
1bdab
In base 16, what is -395e + -2b?
-3989
In base 14, what is -4 + -1db5d?
-1db63
In base 15, what is 43 - -245?
288
In base 16, what is 162f4 - c?
162e8
In base 8, what is -34122 - 1?
-34123
In base 9, what is -340076 - 7?
-340084
In base 4, what is -2333303221 - 3?
-2333303230
In base 7, what is 111351 - -3?
111354
In base 3, what is 2221012202 - 10?
2221012122
In base 11, what is 133a + 3?
1342
In base 6, what is 1423 + -13220?
-11353
In base 11, what is -5a - -18334?
18285
In base 7, what is -11135 + -11?
-11146
In base 12, what is 5 - 5b47?
-5b42
In base 2, what is -1101001110001010 + 1?
-1101001110001001
In base 5, what is 311201044 - -4?
311201103
In base 7, what is 140 + -533?
-363
In base 4, what is 10 - 230101?
-230031
In base 16, what is -2 - 5e5c?
-5e5e
In base 2, what is -10111110100100100001101 + 11?
-10111110100100100001010
In base 12, what is 389b3a3 + -4?
389b39b
In base 9, what is 1 + 525273?
525274
In base 7, what is 20635 + -2?
20633
In base 10, what is 22189 + 18?
22207
In base 13, what is -829 - 15?
-841
In base 6, what is -3 + -241422?
-241425
In base 4, what is -122 - -1021323?
1021201
In base 6, what is 40044 + -3400?
32244
In base 10, what is -20639 - -4?
-20635
In base 6, what is -22414012 + 0?
-22414012
In base 14, what is -196bb8 - 0?
-196bb8
In base 7, what is -32 - -11326?
11264
In base 6, what is -101423 + -4443?
-110310
In base 15, what is 96e + -143?
82b
In base 15, what is -29 - -302?
2c8
In base 5, what is 1 + 4104421?
4104422
In base 9, what is -158606 - -1?
-158605
In base 10, what is -172 + 215?
43
In base 4, what is -10 - 111323?
-111333
In base 2, what is 11101111010001 + -100111001?
11101010011000
In base 11, what is -76289 - 0?
-76289
In base 16, what is 22 + 45?
67
In base 8, what is 10 + 7?
17
In base 3, what is -10 - -1121220121012?
1121220121002
In base 10, what is 21 + -183?
-162
In base 16, what is -6d12 + -1?
-6d13
In base 11, what is -480 + -461?
-931
In base 4, what is -1310122 + 2?
-1310120
In base 4, what is -22032 + 1032?
-21000
In base 3, what is 21212120 + -10022?
21202021
In base 14, what is -15da75 - 1?
-15da76
In base 10, what is -4 + -3262?
-3266
In base 6, what is -1334002 - -1?
-1334001
In base 11, what is 64 + -224?
-170
In base 5, what is 1113241 - 0?
1113241
In base 3, what is -21001112011 - 1?
-21001112012
In base 2, what is 11 + 11000001110101101100?
11000001110101101111
In base 3, what is 11122 - -2212011?
10000210
In base 15, what is -3 + 2c410?
2c40c
In base 2, what is -100010111010001111 + 100?
-100010111010001011
In base 2, what is 101 + 111010001110?
111010010011
In base 4, what is 21320 - 3302?
12012
In base 12, what is 22a58 - -16?
22a72
In base 10, what is -2 + 1946?
1944
In base 4, what is -221012113 + 11?
-221012102
In base 8, what is 430 + -4736?
-4306
In base 16, what is -8 + 6df1?
6de9
In base 3, what is 20022 - 20021202?
-20001110
In base 4, what is -1310 + -1202333?
-1210303
In base 7, what is -10 - 1210402?
-1210412
In base 2, what is -10000111001110001 - 101?
-10000111001110110
In base 4, what is 111 + 11033220?
11033331
In base 12, what is 368 - -5b23?
628b
In base 9, what is 23 + 62057?
62081
In base 8, what is -1542 - 266?
-2030
In base 3, what is -2100 - -2120211?
2111111
In base 8, what is -35551 - 12?
-35563
In base 2, what is -101 + -100101101010100?
-100101101011001
In base 8, what is 1 - -123703?
123704
In base 7, what is -1064 + 62?
-1002
In base 8, what is -577 + 306?
-271
In base 9, what is -773863 - 2?
-773865
In base 4, what is -2001233321 + 0?
-2001233321
In base 5, what is 10 + 42211?
42221
In base 3, what is -220102011200 - -1?
-220102011122
In base 14, what is -ac6b + -1?
-ac6c
In base 4, what is 111 - 203310?
-203133
In base 14, what is -50 + 216?
1a6
In base 13, what is b0982 - 2?
b0980
In base 9, what is 153848 + -1?
153847
In base 4, what is -1111 + -3123002?
-3130113
In base 16, what is 72 - 10f7?
-1085
In base 6, what is -23050 + 12?
-23034
In base 11, what is -24781 - -23?
-24759
In base 6, what is 521 - -4204?
5125
In base 8, what is 5 - 72314?
-72307
In base 10, what is -24 - 1584?
-1608
In base 5, what is -112222 - -3?
-112214
In base 11, what is -41 + 6311?
6280
In base 12, what is -16a + 6480?
6312
In base 5, what is -3044400 + 30?
-3044320
In base 9, what is 31670 - 1?
31668
In base 13, what is 4505 - 8?
44ca
In base 14, what is 4228 + -49?
41bd
In base 16, what is 13f04 + f?
13f13
In base 13, what is 45 - -5bb?
633
In base 11, what is 1246 + -36?
1210
In base 10, what is -8553 + 10?
-8543
In base 13, what is -44b - -31?
-41a
In base 11, what is 2 + -6458?
-6456
In base 15, what is 15 - -c17?
c2c
In base 10, what is -1 + -7988?
-7989
In base 15, what is -1256 + -b?
-1262
In base 16, what is 0 - 4653?
-4653
In base 6, what is 45155 + -44?
45111
In base 11, what is -2 - 31566?
-31568
In base 5, what is -3 - -3320010?
3320002
In base 2, what is -10100110101000 - 10?
-10100110101010
In base 13, what is 4b4bb6 + 4?
4b4bba
In base 16, what is 2d87 + -1?
2d86
In base 12, what is -82a3 - 4?
-82a7
In base 13, what is -5041bb + -1?
-5041bc
In base 9, what is -811 + -7?
-818
In base 10, what is -11 + -93833?
-93844
In base 6, what is -42554 + -11?
-43005
In base 16, what is -6 + -811?
-817
In base 3, what is 10 - -2112202212?
2112202222
In base 12, what is -61 + -a122?
-a183
In base 3, what is -200 + 2211012?
2210112
In base 16, what is 17b66 - -1?
17b67
In base 6, what is -443540 - -11?
-443525
In base 2, what is 100 + -11010001100110111?
-11010001100110011
In base 14, what is -10 - 133a?
-134a
In base 2, what is -1000100 - -10101?
-101111
In base 3, what is -21 - -10120220221?
10120220200
In base 9, what is -317 + -7832?
-8250
In base 14, what is 5d8 + -a1c?
-424
In base 16, what is 139 - -1e9?
322
In base 14, what is -c8d946 + 4?
-c8d942
In base 14, what is -3 + -8cb?
-8d0
In base 8, what is -5 + -27777?
-30004
In base 6, what is 2004 + 11?
2015
In base 4, what is 2 + -1022120102?
-1022120100
In base 8, what is 647 - 12?
635
In base 14, what is -1 - -52d87?
52d86
In base 2, what is 1001001011011110 - 100?
1001001011011010
In base 13, what is -21 - 2546?
-2567
In base 4, what is -100 + -22020213?
-22020313
In base 8, what is -132661 - 136?
-133017
In base 14, what is -295a - 5?
-2961
In base 5, what is 2 - -2400021?
2400023
In base 6, what is -5 + 